Calculate g(-106).
-10
Let c(r) = 21*r + 4155. Calculate c(-189).
186
Let o(t) = 4*t**3 + 433*t**2 - 1713*t - 13. Determine o(4).
319
Let h(s) = 357456*s - 1787280. Determine h(5).
0
Let b(n) = 10187*n - 295426. Give b(29).
-3
Let z(y) = -y**3 - 100*y**2 - 382*y + 183. Calculate z(-96).
-9
Let z(r) = -85881*r + 429391. Give z(5).
-14
Let f(s) = 686*s + 244191. Calculate f(-356).
-25
Let i(t) = -6*t**3 - 11*t**2 + 19*t + 58. Calculate i(-5).
438
Let w(p) = 7*p**2 + 744*p + 2517. Calculate w(-104).
853
Let o(b) = 375*b - 100194. Give o(266).
-444
Let i(c) = 3*c**3 + 100*c**2 + 635*c - 3470. Calculate i(-19).
-12
Let i(u) = u**3 - 213*u**2 - 8116*u - 503. Give i(246).
-11
Let w(y) = 8*y**2 + 647*y - 5702. Give w(-89).
83
Let b(u) = 3*u**3 - 50*u**2 + 71*u - 35. What is b(16)?
589
Let o(w) = 522*w - 78130. Determine o(150).
170
Let h(q) = -q**3 + 8*q**2 - 6807*q + 47614. Give h(7).
14
Let c(d) = d**3 + 126*d**2 - 298*d - 5390. Determine c(-128).
-14
Let n(w) = 39013*w + 273095. Calculate n(-7).
4
Let i(w) = -4*w**3 + 5*w**2 + 64*w - 314. Give i(5).
-369
Let h(t) = t**3 - 149*t**2 + 998*t - 621. Calculate h(142).
-53
Let l(n) = -5144*n + 67064. What is l(13)?
192
Let v(m) = m**3 + 20*m**2 + 99*m + 13. Determine v(-12).
-23
Let f(w) = -30*w**2 - 264*w - 420. Determine f(-2).
-12
Let x(z) = z**3 - 35*z**2 - 66*z + 4973. Give x(32).
-211
Let r(o) = -221*o**2 - 188*o - 32. Determine r(-3).
-1457
Let h(i) = i**2 + 13550*i - 122039. Give h(9).
-8
Let v(b) = 2*b**3 + 11*b**2 - 16*b - 282. Give v(-10).
-1022
Let z(j) = 10742*j + 51746. Determine z(-5).
-1964
Let m(n) = -3*n**3 - 88*n**2 + 1497*n - 107. Give m(12).
1
Let f(m) = 9*m**2 - 613*m + 8145. Determine f(50).
-5
Let w(d) = 1924*d - 21174. Give w(11).
-10
Let c(r) = -25461*r - 14894671. What is c(-585)?
14
Let z(b) = -b**3 + 147*b**2 - 4068*b - 95. Give z(37).
-21
Let x(m) = -10173*m + 284810. What is x(28)?
-34
Let n(k) = 22*k**2 - 2687*k - 201. Calculate n(122).
-567
Let x(c) = -2*c**3 - 873*c**2 + 495*c + 25241. Calculate x(-437).
-105
Let m(p) = 3*p**3 - 70*p**2 + 33*p + 76. Determine m(22).
-1134
Let t(g) = -11730*g - 176143. What is t(-15)?
-193
Let g(b) = 908*b - 49912. Calculate g(55).
28
Let l(q) = q**3 - 550*q - 4798. Give l(-9).
-577
Let l(n) = 2*n**3 + 52*n**2 - 125*n - 44. Calculate l(-28).
320
Let t(k) = k**3 - 15*k**2 - 342*k - 438. Determine t(-12).
-222
Let p(c) = 8833*c - 1916750. Calculate p(217).
11
Let l(c) = -2*c**3 + 102*c**2 - 828*c + 70. Determine l(10).
-10
Let a(f) = -317449*f + 317448. What is a(1)?
-1
Let d(f) = -f**3 + 10*f**2 + 12116*f - 109010. Determine d(9).
115
Let u(i) = -833*i + 190699. Give u(228).
775
Let d(r) = 8*r**2 - 274*r + 2212. What is d(17)?
-134
Let c(l) = l**2 - 110*l + 2493. Calculate c(32).
-3
Let y(m) = 132*m**2 - 1893*m + 6745. Determine y(7).
-38
Let t(h) = 367*h - 41014. Determine t(111).
-277
Let b(i) = -i**3 - 11*i**2 + 226*i + 2197. Determine b(-11).
-289
Let i(u) = 4*u**2 - 4761*u + 14273. Determine i(3).
26
Let a(p) = -30879*p**2 + 92633*p - 5. Give a(3).
-17
Let n(i) = -785*i - 785. Give n(-1).
0
Let v(a) = a**3 + 3*a**2 + 916*a - 1844. Give v(2).
8
Let b(w) = w**3 + 454*w**2 + 2261*w + 7096. What is b(-449)?
-88
Let b(l) = 176*l - 7298. Determine b(38).
-610
Let v(b) = 11546*b - 80883. Give v(7).
-61
Let c(g) = -1905*g + 842021. Determine c(442).
11
Let o(j) = 39*j - 10623. Give o(269).
-132
Let d(v) = 2*v**3 + 254*v**2 + 4261*v - 2036. Calculate d(-107).
-3
Let n(i) = -77228*i - 39849645. Give n(-516).
3
Let y(t) = 1043*t**2 - 11584*t + 1222. Calculate y(11).
1
Let d(o) = 10333*o - 4422534. Calculate d(428).
-10
Let c(q) = -4*q**2 - 1495*q + 227201. What is c(116)?
-43
Let p(x) = 1056*x - 38053. Give p(37).
1019
Let t(b) = b**3 + 82*b**2 - 1579*b + 168. What is t(-98)?
1246
Let n(j) = -j**3 - 4*j**2 + 135*j - 78. Determine n(-15).
372
Let x(m) = 8*m**3 + 2665*m**2 + 333*m + 52. Calculate x(-333).
52
Let h(k) = k**2 + 61*k + 947. Give h(-47).
289
Let h(d) = -1472*d - 113516. Calculate h(-77).
-172
Let r(f) = -f**3 + 70*f**2 - 1986*f + 139009. Calculate r(70).
-11
Let v(c) = 43*c**2 - 61*c - 133. Give v(4).
311
Let l(a) = 3*a**2 - 269*a - 599. Give l(92).
45
Let m(n) = -n**3 - 31*n**2 + 1608*n + 36564. What is m(-20)?
4
Let m(d) = 1095*d - 55851. What is m(51)?
-6
Let j(k) = -k**3 + 20*k**2 + 693*k - 14202. Calculate j(25).
-2
Let a(i) = -4205*i - 71997. Calculate a(-17).
-512
Let g(l) = l**3 + 9*l**2 + 406*l + 4190. Determine g(-10).
30
Let s(z) = -2*z**3 - 486*z**2 + 1027*z + 11517. What is s(-245)?
2
Let k(f) = f**3 + 73*f**2 - 896*f - 73712. Calculate k(-71).
-14
Let l(b) = b**3 + 2574*b + 7749. What is l(-3)?
0
Let w(q) = -8157*q - 978832. What is w(-120)?
8
Let y(p) = 13*p**2 - 452*p + 91. Give y(35).
196
Let k(v) = -v**3 + 78*v**2 + 249*v + 234. Calculate k(81).
720
Let u(j) = -4447*j - 694170. Calculate u(-156).
-438
Let t(o) = 2*o**2 - 18345*o - 165257. Determine t(-9).
10
Let w(h) = -25485*h - 4969580. Determine w(-195).
-5
Let g(q) = 218*q**2 - 3497*q + 37. Calculate g(16).
-107
Let c(g) = -163699*g - 47309009. Determine c(-289).
2
Let a(u) = -174*u + 581. Determine a(10).
-1159
Let o(f) = 2*f**2 - 135*f - 3371. Give o(90).
679
Let z(p) = -2*p**3 - 3*p**2 + 192152*p + 768600. What is z(-4)?
72
Let d(h) = 432*h**2 + 446*h + 445. Determine d(-1).
431
Let i(s) = 3*s**3 + 6*s**2 - 247*s - 11. Determine i(-9).
511
Let d(f) = -2*f**2 - 5358*f + 492695. What is d(89)?
-9
Let o(q) = 125*q**3 - 1019*q**2 + 3050*q - 1. Determine o(3).
3353
Let g(u) = 3588*u - 1323948. Determine g(369).
24
Let g(d) = -d**2 - 48108*d - 3410625. Determine g(-71).
2
Let i(f) = 11576*f + 717717. Calculate i(-62).
5
Let l(y) = -451*y + 1799. Calculate l(4).
-5
Let b(g) = -65*g + 2080. Calculate b(25).
455
Let z(g) = g**3 + 12*g**2 - 1433*g + 7067. Give z(29).
-9
Let j(k) = -1416*k**2 + 29743*k - 140. Give j(21).
7
Let t(z) = 273*z + 1020. Give t(-4).
-72
Let s(o) = -9*o**3 - 6*o**2 - 374*o - 1774. Calculate s(-5).
1071
Let t(k) = -2*k**2 + 105865*k + 6. Determine t(0).
6
Let j(s) = -4*s + 394. What is j(-136)?
938
Let z(d) = -106*d**2 - 527*d + 11. Determine z(-5).
-4
Let w(l) = -l**3 - 78*l**2 + 278*l + 429. What is w(5)?
-256
Let x(l) = 2788*l**2 - 105968*l + 900. What is x(38)?
-12
Let h(k) = -9*k**2 - 4*k + 132. Calculate h(-4).
4
Let o(c) = -c**2 + 6618*c + 299827. Determine o(-45).
-8
Let w(n) = 4*n**3 - 440*n**2 + 7*n - 770. Give w(110).
0
Let w(t) = -24*t**3 - 52*t**2 - 2*t + 140. Calculate w(0).
140
Let y(x) = -660*x**3 + 55*x + 57. What is y(-1)?
662
Let x(t) = t**2 - 150*t + 453. Give x(3).
12
Let t(r) = 5*r**3 + 21*r**2 - 556*r - 2246. What is t(-4)?
-6
Let g(m) = -m**2 - 152*m - 4836. Calculate g(-41).
-285
Let u(n) = -803*n - 8857. What is u(-13)?
1582
Let a(y) = -47*y - 943. What is a(5)?
-1178
Let g(t) = -20319*t + 3494819. Give g(172).
-49
Let j(x) = 4*x**3 + 6543*x**2 + 17944*x - 31035. What is j(-1633)?
-8
Let q(l) = l**3 - 5*l**2 - 7*l + 81. What is q(-4)?
-35
Let p(c) = 770*c - 23915. Give p(30).
-815
Let u(q) = 5*q**2 + 102*q - 1607. What is u(14)?
801
Let t(r) = 48472*r + 1454181. Determine t(-30).
21
Let f(n) = -578*n**2 - 74563*n - 131. Determine f(-129).
-2
Let x(z) = 79*z - 4966. What is x(63)?
11
Let z(f) = 2*f**3 + 68*f**2 + 156*f - 101. Calculate z(-31).
829
Let u(q) = -q**3 - 50*q**2 - 613*q - 2031. Give u(-6).
63
Let h(s) = -27*s**3 + 4*s**2 + 7*s - 8. Calculate h(1).
-24
Let a(z) = -z**3 - 4*z**2 + 42*z - 168. What is a(-10)?
12
Let x(l) = -8829*l + 2736988. Determine x(310).
-2
Let b(c) = c**3 - 131*c**2 + 373*c + 990. Calculate b(128).
-418
Let y(l) = l**3 + 59*l**2 - 146*l - 1428. Calculate y(-61).
36
Let w(p) = -8*p**3 - 1213*p**2 - 762*p - 1057. Determine w(-151).
0
Let i(a) = 20*a**3 + 4974*a**2 - 1493*a + 240. Determine i(-249).
-9
Let m(c) = c**3 - 67*c**2 + 121*c - 8194. Determine m(67).
-87
Let a(i) = i**3 + 17*i**2 + 806*i + 13678. Give a(-17).
-24
Let x(j) = -3*j**2 - 155*j + 10735. Give x(-91).
-3
Let m(a) = -116*a - 13946. Determine m(-118).
-258
Let w(m) = 11176*m - 9991337. What is w(894)?
7
Let y(z) = z**3 - 51*z**2 + 565*z + 615. Give y(35).
790
Let d(n) = -33*n - 117. What is d(14)?
-579
Let o(y) = 4*y**3 + 527*y**2 - 5079*y - 10. What is o(9)?
-118
Let q(u) = -5*u**2 + 538*u + 6526. Determine q(-11).
3
Le